 2) - -1)
-3
Evaluate (-15 + -21 + 52 - 13) + (28 - -1).
32
Evaluate (15 - 1) + (-38 - -30) + -11 - 3.
-8
-9 + 10 + (6 - (-1 + -7 - -2))
13
What is (29 - 18) + -16 + 1 - -13?
9
What is the value of (6 - -4) + (0 + 19 - 19)?
10
What is the value of 6 + (-8 - 5) + 3?
-4
Calculate -12 - (-11 + (0 - -7) + -77 + 78).
-9
What is (-1 - (4 - 0)) + -1 + -9 + 32?
17
What is the value of -8 + (-354 - -355) + (-1 - 1) + 0?
-9
What is (-5 - (-21 + 5)) + -15 + -1 + -3?
-8
What is 28 + (12 + (6 - 5) - (-3 - -8))?
36
-20 + 6 + 9 - 7
-12
What is -70 - -72 - (37 + -10)?
-25
Calculate 26 + (-3 - (-6 + 1)) - 7 - 4.
17
What is 14 - (2 + 6 + 8)?
-2
43 + -33 - (3 + 3) - -4
8
-15 + -4 + 1 + 7 - -7
-4
Evaluate 9 + (12 - 41) + 15 - -30.
25
Calculate 0 + (9 - 6) - (-4 + 3).
4
What is -4 - -4 - (27 + -24)?
-3
What is the value of 5 - (8 + -8) - -5?
10
Calculate 3 - (22 + -12 - 3 - (18 + -7)).
7
(56 - 62) + (-2 + 1 - -2) + -5
-10
-29 + 16 + 18 - -4
9
What is the value of 18 + 2 + (52 - 62) + -18?
-8
What is the value of (-9 - (-22 + 16)) + -3?
-6
What is 1 + 1 - (-6 + -3 + 13)?
-2
-2 + -6 + 1 - (-49 + 50)
-8
What is (8 - 2) + (-8 + 7 - (7 - -9))?
-11
Calculate -1 + 11 + -69 + 67.
8
What is the value of 4 - (-12 - (-41 - (-10 + 12)))?
-27
Evaluate -32 + 26 + -1 - -12.
5
Evaluate 12 + 2 + -4 - (30 - 36).
16
Calculate 8 - (6 + -9 + 15) - (-22 - -1).
17
Evaluate (10 - 10) + -6 + (-14 - -8).
-12
(2 + 0 - -4) + -3
3
What is the value of (-8 - (6 + -5 - 33)) + 0?
24
Evaluate -36 - (6 + 11 + -40).
-13
-15 + (-17 - -39) - (-1 + 7 + 1)
0
Calculate (-33 - -69) + -18 + -41.
-23
What is the value of 14 - (38 + (-58 - -29)) - (46 + 0)?
-41
Evaluate 4 + (-8 + 4 + -2 - (-5 + 1)).
2
Evaluate 11 + -11 + (-4 - 4 - -5).
-3
What is the value of 0 + (3 - -2) + (-6 - (2 + 6))?
-9
What is the value of 2 + -60 + 932 + -901?
-27
11 - (69 + -24 + -13)
-21
What is the value of -111 - -116 - (-2 - (3 - 5) - 13)?
18
What is the value of 5 + -2 + 0 - (112 - 121)?
12
What is 5 + -1 - (-53 + 25 + 19)?
13
(6 - -2 - -11) + -4 - 2
13
Evaluate 24 + -11 + (-2 - 13).
-2
Calculate 8 + (-13 - -9) - (1 - (3 + 0)).
6
Calculate -10 - (-3 + 2 + 2 - (-987 + 976)).
-22
What is the value of -7 - ((-3 - (10 - -8)) + -1)?
15
Evaluate 5 + 0 + (-9 - -20) + -8 - 4.
4
What is -12 - (2 + (-5 - -5) + -3)?
-11
Evaluate (13 + 12 - 8) + 0.
17
What is the value of 1 + -7 + (12 - (0 - 3 - -18))?
-9
Calculate 30 - (19 - -25) - 8.
-22
Calculate 16 + -38 + (6 - -9) + 12.
5
What is 19 - (-1 - (7 - 10 - 7))?
10
Calculate 7 + (11 - (-1 + 15)) + -1 + 5.
8
What is 16 - (-2 - -14 - 11)?
15
What is the value of (1 + 9 + -6 - 1) + 4?
7
(-30 - -14) + (-3 - -8) + 5
-6
(-5 - (7 - (31 + -12))) + -1 + -8
-2
-20 - (-32 - (19 + -30))
1
What is -7 + 0 - 9 - (-7 + 5)?
-14
What is the value of -2 - -8 - (-11 + (2 - -8))?
7
What is the value of (12 - -6) + -2 + -10 + -7 + -1?
-2
-21 + (4 - (-6 + (4 - 4)))
-11
What is the value of -2 + -49 - (-319 + 298) - (1 + -13)?
-18
Evaluate -2 - (0 - (2 + -5)) - (-9 + 7).
-3
Evaluate 0 + -8 - 10 - (9 + -4 - 0).
-23
Evaluate -14 + (9 - 9 - 0) + 1.
-13
Evaluate (-9 - -13) + -17 + 28 + -1 + 8.
22
What is the value of -3 + 2 + 14 + -6 + -5 + -1?
1
What is the value of 5 + -3 + (5 - 1) - (8 + 13)?
-15
Evaluate -1 + (-6 - (8 + -5 + 0)).
-10
What is -9 - 1 - ((7 - 5) + (37 - 82))?
33
What is the value of 106 + -94 + (12 - -1) + -5?
20
What is the value of 22 + 0 + (7 - (8 + 3))?
18
What is the value of 26 + -15 + -6 - -8?
13
-12 - (3 + (-17 - -9))
-7
What is the value of -19 + (57 - 21) - (9 - 2)?
10
What is -3 + (6 - (-1 + -13 + 10)) + -5?
2
Evaluate -1 + 5 + (-6 - -11) + -22.
-13
What is the value of -28 + -5 + 33 - -30?
30
What is the value of (-6 - (-24 + (4 - (-7 + 2)))) + 9?
18
What is 15 + 1 - (-9 + -40 + 44)?
21
9 + -1 + -25 + 11 + 18
12
5 - ((-4 - (14 - 39)) + -7)
-9
19 + (-25 - -2) - (4 - 2)
-6
Calculate -11 - 0 - (19 - 10).
-20
What is the value of 927 + -926 - (23 + 1)?
-23
Calculate 30 + -40 + 29 - 27.
-8
What is -2 - (9 + -9 + -14)?
12
What is the value of -11 - -1 - (-279 - -280)?
-11
44 + -36 + 3 + (0 - 3) - -7
15
What is the value of (-7 - 4) + (37 - 22)?
4
Evaluate (0 - -3) + -2 + (-18 - -6) + -1.
-12
Calculate (5 - 0 - (31 - 26) - 15) + 2.
-13
Calculate (5 - (-19 - -22)) + (-14 - -2).
-10
What is 3 - ((17 - 3) + -4 + -4) - 5?
-8
What is -50 - (14 - 30) - (-2 - 0)?
-32
What is the value of (-1 - -14) + 0 - 24?
-11
Evaluate (22 - (-1 - (-5 + -7))) + (-4 - 0).
7
Calculate 1 - ((10 + -1 - 7) + 7 + -17).
9
What is -9 - (1 - 31 - (-42 - -30))?
9
Calculate 12 + -51 + 17 + 7.
-15
5 - (-5 + 12 + 0 - (10 - 1))
7
What is the value of (-20 - (-27 + 17) - -10) + -17 + 1?
-16
Evaluate -1 - -8 - ((1 - -7) + (15 - 25)).
9
Calculate 0 - (10 + -5) - (-21 + -2 + 6).
12
What is the value of (46 + -21 - 33) + 10?
2
2 + 12 + -1 - (-18 + 31)
0
What is the value of (28 - 60) + 55 - 52?
-29
What is the value of (5 + -6 + -1 - -8) + (-2 - -7)?
11
What is the value of 3 - (-8 + (6 - 24) + 13)?
16
Evaluate -44 + 48 + 4 + 1.
9
5 + (-3 - (-2 + -6 - -3 - -5))
2
Calculate (159 - (101 - -74)) + 0 + -3 + -1.
-20
What is -1 + (2 - (3 - 6) - 15)?
-11
Calculate 14 + (15 + -1 - 12).
16
What is the value of 4 + 18 - (-83 + 119)?
-14
What is the value of 8 - (0 - -1 - (33 - (34 - -2)))?
4
(287 - 285) + (0 - 1) + 11
12
Evaluate -52 - -25 - -38 - -8.
19
What is the value of (-5 - (14 + 4 + -13)) + 9?
-1
-14 + 1 + -9 + -1 + -13 + 22
-14
What is 4 - ((-8 - -12) + -6 - (-8 + 1))?
-1
What is 41 + -36 + -42 + 48?
11
(-6 - (-8 + -9) - 2) + 2
11
What is (-53 - 3) + 224 + -200?
-32
Calculate -7 + 0 + (-45 - -49).
-3
What is the value of -11 + 25 + (-6 - -7)?
15
Calculate 2 + (3 + -3 - (7 - -2)).
-7
What is the value of (5 - 3) + -8 - (-4 + -11 + 3)?
6
What is the value of 10 + -47 + 20 + 38?
21
What is the value of -15 + (19 - 9) + -14?
-19
What is (26 - (5 + 16)) + (-11 - -1)?
-5
Evaluate 12 + -21 + (32 - -2).
25
Evaluate 23 + -21 + 8 + 2 - -1.
13
What is the value of (9 - (9 + (-4 - 1) + 0)) + 1?
6
What is (3 - (-2 - -12)) + 6 + 19 - -7?
25
Evaluate -2 + 1 + 12 - (49 - (-53 + 101)).
10
2 + -9 - (-4 - (-11 + 14 + 0))
0
3 + 37 + (-4 - 10) + (1 - 10)
17
Calculate -1 + 8 - (-16 + (14 - (-12 + 11))).
8
Evaluate -4 - (13 - 12) - (-5 - -13).
-13
Evaluate -14 - (-27 - -7) - (-2 - (-17 + -1)).
-10
What is the value of -5 - (-102 + 103 - (0 - -11))?
5
(5 - 9 - 0) + 2
-2
What is 6 - (2 - 1 - (28 - 28))?
5
What is the value of (5 - 6) + 9 + -13?
-5
23 + (-8 - 15) + 12
12
Calculate -1 - -3 - (10 + 32 + -15).
-25
What is the value of 4 - (-7 - -12 - 1) - (0 + 3)?
-3
Calculate -2 - ((4 - (-4 - (-2 + -1))) + -14).
7
Evaluate 83 + -93 - (-6 - -11).
-15
What is the value of -101 - -93 - (-5 + 2 + 14)?
-19
Evaluate (1 - -1 - 4) + -1.
-3
Evaluate (-6 - (0 + 8 + -8)) + -1 + -4.
-11
3 + 1 - (-16 - -26)
-6
What is the value of -16 + 139 + -143 + -1 + 13 + -2?
-10
Calculate 20 - (11 + 27 + -21).
3
Calculate -18 - -25 - (-2 + (3 - 1)).
7
Calculate 1 + -5 + -319 + 318.
-5
What is the value of 13 - (12 - ((-9 - -9) + 1))?
2
Evaluate 46 + -33 - 14 - ((2 - -1) + -1).
-3
What is -18 + (-64 - -69) + 3 + 1?
-9
What is the value of -1 + -7 + 681 + -688?
-15
Calculate (-1 + -2 - (-16 - 2)) + -7.
8
What is the value of -16 + 0 + 0 + 17 + -4?
-3
0 + 3 - (20 + -19) - (-5 + -2)
9
What is the value of -4 + 8 + -11 + (0 - 6 - 2)?
-15
Calculate -6 + (-24 - -56) + 3.
29
(-18 - 0) + (-6 - (2 - 14))
-12
Evaluate (5 - (17 + -3)) + -1.
-10
What is the value of 4 + 19 - 41 - 10?
-28
Evaluate (-11 - -2 - 1) + -2 - -3.
-9
What is (5 - 8) + (31 - 22) + -10 + -1?
-5
Calculate 14 - -1 - -14 - 15.
14
What is (-5 + 2 - (0 + 0 + 2)) + 10?
5
-11 + 21 + 1 + 0 + 1 + 11
23
Calculate 0 + -2 + (26 + (16 - 33) - -8).
15
Evaluate 1 - -5 - (-28 - -32).
2
(-13 - -11) + 8 - 1 - -6 - 10
1
What is the value of 16 + 0 + -1 + 19?
34
What is (-4 - (1 + 7 + -21)) + 1?
10
Calculate (10 + -2 - (-3 - (1 + -9))) + -21.
-18
-4 + (16 - 5) + -3 + -5 - -8
7
What is the value of 21 + -34 + -13 + 21?
-5
What is the value of 20 + -16 - (-70 - -90)?
-16
Evaluate (6 + -12 - 2) + (-12 - -9 - -10).
-1
4 - (-7 + 13) - -2 - (3 + 2)
-5
Evaluate -2 + -3 - (-30 + 39).
-14
-13 + 15 + -15 + -4 - 2
-19
Evaluate -9 + -7 - ((23 - 19) + -31).
11
Calculate (-9 - (32 - 15)) + 60.
34
0 - 13 - (1751 - 1774)
10
Evaluate (-17 - 1 - -38) + (-1 - 1)